{"version":"1.0","provider_name":"Bureau Central de Coordination","provider_url":"https:\/\/ikar.dev\/bceco-v2","author_name":"bceco","author_url":"https:\/\/ikar.dev\/bceco-v2\/author\/bceco\/","title":"Gemena embo\u00eete le pas vers la modernisation","type":"rich","width":600,"height":338,"html":"<blockquote class=\"wp-embedded-content\" data-secret=\"envTOpUCvd\"><a href=\"https:\/\/ikar.dev\/bceco-v2\/gemena-signature-protocole-modernisation-bceco\/\">Gemena embo\u00eete le pas vers la modernisation<\/a><\/blockquote><iframe sandbox=\"allow-scripts\" security=\"restricted\" src=\"https:\/\/ikar.dev\/bceco-v2\/gemena-signature-protocole-modernisation-bceco\/embed\/#?secret=envTOpUCvd\" width=\"600\" height=\"338\" title=\"&#8220;Gemena embo\u00eete le pas vers la modernisation&#8221; &#8212; Bureau Central de Coordination\" data-secret=\"envTOpUCvd\" frameborder=\"0\" marginwidth=\"0\" marginheight=\"0\" scrolling=\"no\" class=\"wp-embedded-content\"><\/iframe><script type=\"text\/javascript\">\n\/* <![CDATA[ *\/\n\/*! This file is auto-generated *\/\n!function(d,l){\"use strict\";l.querySelector&&d.addEventListener&&\"undefined\"!=typeof URL&&(d.wp=d.wp||{},d.wp.receiveEmbedMessage||(d.wp.receiveEmbedMessage=function(e){var t=e.data;if((t||t.secret||t.message||t.value)&&!\/[^a-zA-Z0-9]\/.test(t.secret)){for(var s,r,n,a=l.querySelectorAll('iframe[data-secret=\"'+t.secret+'\"]'),o=l.querySelectorAll('blockquote[data-secret=\"'+t.secret+'\"]'),c=new RegExp(\"^https?:$\",\"i\"),i=0;i<o.length;i++)o[i].style.display=\"none\";for(i=0;i<a.length;i++)s=a[i],e.source===s.contentWindow&&(s.removeAttribute(\"style\"),\"height\"===t.message?(1e3<(r=parseInt(t.value,10))?r=1e3:~~r<200&&(r=200),s.height=r):\"link\"===t.message&&(r=new URL(s.getAttribute(\"src\")),n=new URL(t.value),c.test(n.protocol))&&n.host===r.host&&l.activeElement===s&&(d.top.location.href=t.value))}},d.addEventListener(\"message\",d.wp.receiveEmbedMessage,!1),l.addEventListener(\"DOMContentLoaded\",function(){for(var e,t,s=l.querySelectorAll(\"iframe.wp-embedded-content\"),r=0;r<s.length;r++)(t=(e=s[r]).getAttribute(\"data-secret\"))||(t=Math.random().toString(36).substring(2,12),e.src+=\"#?secret=\"+t,e.setAttribute(\"data-secret\",t)),e.contentWindow.postMessage({message:\"ready\",secret:t},\"*\")},!1)))}(window,document);\n\/\/# sourceURL=https:\/\/ikar.dev\/bceco-v2\/wp-includes\/js\/wp-embed.min.js\n\/* ]]> *\/\n<\/script>\n","thumbnail_url":"https:\/\/ikar.dev\/bceco-v2\/wp-content\/uploads\/2023\/08\/WhatsApp-Image-2023-08-26-at-1.20.29-PM-1.jpeg","thumbnail_width":1280,"thumbnail_height":852,"description":"23 Ao\u00fbt 2023, la Pr\u00e9sidence de la R\u00e9publique lance, par la signature d'un protocole d'accord, un projet de modernisation de la ville Gemena. Parmi les diff\u00e9rentes parties prenantes, le Bureau Central de Coordination (BCeCo)"}

Gemena emboîte le pas vers la modernisation

<blockquote class="wp-embedded-content" data-secret="envTOpUCvd"><a href="https://ikar.dev/bceco-v2/gemena-signature-protocole-modernisation-bceco/">Gemena emboîte le pas vers la modernisation</a></blockquote><iframe sandbox="allow-scripts" security="restricted" src="https://ikar.dev/bceco-v2/gemena-signature-protocole-modernisation-bceco/embed/#?secret=envTOpUCvd" width="600" height="338" title="&#8220;Gemena emboîte le pas vers la modernisation&#8221; &#8212; Bureau Central de Coordination" data-secret="envTOpUCvd" frameborder="0" marginwidth="0" marginheight="0" scrolling="no" class="wp-embedded-content"></iframe><script type="text/javascript">
/* <![CDATA[ */
/*! This file is auto-generated */
!function(d,l){"use strict";l.querySelector&&d.addEventListener&&"undefined"!=typeof URL&&(d.wp=d.wp||{},d.wp.receiveEmbedMessage||(d.wp.receiveEmbedMessage=function(e){var t=e.data;if((t||t.secret||t.message||t.value)&&!/[^a-zA-Z0-9]/.test(t.secret)){for(var s,r,n,a=l.querySelectorAll('iframe[data-secret="'+t.secret+'"]'),o=l.querySelectorAll('blockquote[data-secret="'+t.secret+'"]'),c=new RegExp("^https?:$","i"),i=0;i<o.length;i++)o[i].style.display="none";for(i=0;i<a.length;i++)s=a[i],e.source===s.contentWindow&&(s.removeAttribute("style"),"height"===t.message?(1e3<(r=parseInt(t.value,10))?r=1e3:~~r<200&&(r=200),s.height=r):"link"===t.message&&(r=new URL(s.getAttribute("src")),n=new URL(t.value),c.test(n.protocol))&&n.host===r.host&&l.activeElement===s&&(d.top.location.href=t.value))}},d.addEventListener("message",d.wp.receiveEmbedMessage,!1),l.addEventListener("DOMContentLoaded",function(){for(var e,t,s=l.querySelectorAll("iframe.wp-embedded-content"),r=0;r<s.length;r++)(t=(e=s[r]).getAttribute("data-secret"))||(t=Math.random().toString(36).substring(2,12),e.src+="#?secret="+t,e.setAttribute("data-secret",t)),e.contentWindow.postMessage({message:"ready",secret:t},"*")},!1)))}(window,document);
//# sourceURL=https://ikar.dev/bceco-v2/wp-includes/js/wp-embed.min.js
/* ]]> */
</script>

23 Août 2023, la Présidence de la République lance, par la signature d'un protocole d'accord, un projet de modernisation de la ville Gemena. Parmi les différentes parties prenantes, le Bureau Central de Coordination (BCeCo)
